ermine f(7).
23
Let g(s) = s**3 + 4*s**2 - 11*s + 7. Calculate g(-6).
1
Let o(l) = l**2 + 8*l + 12. Determine o(-8).
12
Let k(x) = 15*x - 134. Calculate k(12).
46
Let h(j) = -3*j**3 - 10*j**2 - 2*j - 2. What is h(-2)?
-14
Let j(k) = -k**3 + 4*k**2 + 5*k + 5. Calculate j(5).
5
Let a(w) = w**2 + 21*w + 19. Calculate a(-14).
-79
Let b(f) = -f**2 - 9*f - 14. What is b(-10)?
-24
Let x(c) = c**3 - 7*c**2 - 7*c + 48. Calculate x(7).
-1
Let o(v) = 30*v - 4. Give o(4).
116
Let f(k) = -k**3 - 26*k**2 - 26*k - 11. Give f(-25).
14
Let w(p) = -2*p**2 + 3*p + 5. Give w(4).
-15
Let z(s) = s + 23. Give z(-16).
7
Let f(x) = x**3 - 6*x**2 - 7*x + 13. What is f(6)?
-29
Let r(g) = g**3 - 34*g**2 + g - 25. Determine r(34).
9
Let x(b) = -4*b**2 - 7*b - 7. What is x(-1)?
-4
Let o(b) = 2*b**3 - 5*b**2 + 6*b - 8. What is o(3)?
19
Let k(n) = n**2 - 2*n + 6. Calculate k(2).
6
Let g(f) = -f**3 + 9*f**2 - 4*f + 35. Determine g(9).
-1
Let q(w) = 2*w - 19. Determine q(-8).
-35
Let r(f) = -43*f + 80. Give r(6).
-178
Let o(k) = -k**2 - 7*k - 6. Give o(-4).
6
Let d(f) = 6*f + 45. Calculate d(7).
87
Let g(m) = -15*m + 3. Calculate g(-3).
48
Let z(t) = -2*t**3 - 21*t**2 - 12*t - 21. What is z(-10)?
-1
Let m(n) = n**3 - 8*n**2 - n + 5. What is m(8)?
-3
Let u(y) = 4*y**2 + 184*y - 10. Give u(-46).
-10
Let c(h) = -4*h + 101. Determine c(32).
-27
Let b(k) = -k**3 - 5*k**2 + 6*k - 9. Calculate b(-6).
-9
Let m(w) = w**2 - 31*w - 222. Determine m(37).
0
Let z(l) = 3*l + 20. What is z(-8)?
-4
Let y(r) = 9*r + 1. Determine y(-2).
-17
Let f(s) = -142*s**3 + s**2 + 2*s + 2. Calculate f(-1).
143
Let i(g) = -g**2 + 6*g - 7. Give i(4).
1
Let s(c) = c**3 + 6*c**2 + 5*c + 6. What is s(-5)?
6
Let i(y) = -y**2 + 2*y + 15. What is i(9)?
-48
Let u(a) = -7*a - 3. Determine u(1).
-10
Let w(x) = 3*x - 64. Calculate w(0).
-64
Let n(u) = u**3 - 8*u**2 + 5*u + 1. What is n(7)?
-13
Let q(n) = -n - 33. What is q(-13)?
-20
Let q(h) = -h**2 + 2*h + 12. Determine q(5).
-3
Let b(g) = -g**3 - 55*g**2 + 236*g - 7. What is b(-59)?
-7
Let x(w) = 14*w + 118. Determine x(-10).
-22
Let t(w) = w**3 - 8*w**2 - 2*w + 9. Give t(8).
-7
Let v(x) = -8*x**2 + 2*x + 17. Calculate v(-3).
-61
Let j(z) = z**2 + 8*z + 6. Determine j(-4).
-10
Let b(h) = -h**2 - 12*h - 12. What is b(-11)?
-1
Let n(u) = -2*u**2 - 42*u - 26. Calculate n(-20).
14
Let z(u) = 4*u + 3. What is z(-1)?
-1
Let w(g) = 5*g**3 + g**2 + 3*g + 4. Determine w(-2).
-38
Let x(u) = -15*u - 100. Determine x(-10).
50
Let v(z) = z**2 - 8*z - 3. Give v(7).
-10
Let n(m) = 48*m**2 + 2*m + 2. Calculate n(-1).
48
Let v(j) = -2*j**2 + 4*j + 4. Give v(4).
-12
Let n(x) = x**2 + 8*x + 4. What is n(-6)?
-8
Let g(f) = 9*f - 1. Determine g(-2).
-19
Let z(g) = 21*g + 54. Give z(-10).
-156
Let q(k) = k**2 - 8*k + 4. Determine q(3).
-11
Let k(l) = 6*l**2 - 300*l + 1. Calculate k(50).
1
Let u(o) = -o**2 - 17*o - 65. Determine u(-12).
-5
Let l(m) = 12*m + 55. Give l(-6).
-17
Let w(i) = -24*i + 123. Determine w(6).
-21
Let q(s) = -7*s + 162. Give q(25).
-13
Let z(b) = -b**3 + 2*b - 2. Determine z(-4).
54
Let h(y) = 10*y - 17. What is h(6)?
43
Let a(f) = -f**3 + f**2 + 2*f - 108. Calculate a(0).
-108
Let d(g) = 14*g**3 - g**2 + 8*g + 9. Calculate d(-1).
-14
Let p(j) = -j**2 + j + 20. Give p(-4).
0
Let l(c) = c**2 + 7*c + 7. Determine l(-7).
7
Let o(r) = r**2 + r - 24. What is o(0)?
-24
Let p(w) = -w + 37. Calculate p(11).
26
Let c(m) = m**3 + 7*m**2 - 85*m - 6. Calculate c(6).
-48
Let b(j) = -j**3 + 13*j**2 + 31*j - 19. Give b(15).
-4
Let p(b) = 9*b - 193. What is p(21)?
-4
Let t(b) = 7*b + 7. Give t(3).
28
Let j(g) = 2*g**2 + 38*g + 12. Give j(-17).
-56
Let y(p) = -2*p**3 - 5*p**2 + 3*p + 3. Determine y(-2).
-7
Let m(g) = g**3 - 15*g**2 - 12*g - 57. Calculate m(16).
7
Let a(r) = -r**2 + 14*r + 39. What is a(16)?
7
Let l(y) = -y**3 - 4*y**2 - 4*y - 1. Determine l(-5).
44
Let z(y) = 4*y + 1. What is z(3)?
13
Let y(h) = 33*h - 40. Give y(1).
-7
Let k(n) = n**3 - 9*n**2 + 4*n + 24. What is k(8)?
-8
Let i(u) = -3*u**2 - 4*u - 4. What is i(-3)?
-19
Let y(u) = -2*u - 49. Calculate y(-26).
3
Let c(a) = 2*a**3 + 10*a**2 - 2*a + 4. Determine c(-5).
14
Let y(l) = l**3 - 7*l**2 - 17. Calculate y(7).
-17
Let i(k) = -3*k - 14. Calculate i(-6).
4
Let r(s) = s**2 + 9*s + 5. Give r(-6).
-13
Let s(l) = 14*l - 83. What is s(6)?
1
Let k(f) = 13*f + 215. Determine k(-17).
-6
Let j(f) = 5*f**2 + 88*f + 38. What is j(-17)?
-13
Let u(n) = 149*n - 1942. Give u(13).
-5
Let r(b) = b. Give r(4).
4
Let f(g) = g**3 + 5*g**2 - 4*g - 2. Give f(1).
0
Let f(w) = -w**2 + 5*w + 10. Calculate f(11).
-56
Let b(z) = 2*z**3 + 6*z**2 + 6*z + 2. Give b(-1).
0
Let y(b) = -45*b + 1. What is y(-1)?
46
Let p(g) = g**2 + 9*g + 9. Calculate p(-7).
-5
Let v(h) = -h + 1. Calculate v(-5).
6
Let x(w) = w**3 + 8*w**2 + 16*w + 9. What is x(-6)?
-15
Let y(h) = h**2 - 16*h + 27. Calculate y(19).
84
Let o(u) = u**2 + 3*u - 6. Calculate o(-4).
-2
Let s(f) = 64*f**2 - 321*f + 4. Determine s(5).
-1
Let x(k) = -29*k - 58. Determine x(-2).
0
Let c(v) = v**3 - v**2. Determine c(-1).
-2
Let d(c) = -21*c - 4. What is d(2)?
-46
Let m(t) = -t**2 - 8*t - 2. Calculate m(-6).
10
Let f(c) = c**3 + 15*c**2 + 51*c + 4. Give f(-10).
-6
Let x(c) = 2*c**2 - 5*c - 73. Determine x(-4).
-21
Let l(k) = -17*k + 267. Determine l(16).
-5
Let t(x) = x**3 + 20*x**2 - 45*x - 17. Calculate t(-22).
5
Let k(d) = 2*d**2 - 10*d - 21. Calculate k(-5).
79
Let g(y) = -14*y - 84. Determine g(-6).
0
Let l(x) = -x**3 + 30*x**2 + 98*x + 28. Calculate l(33).
-5
Let o(u) = 7*u. What is o(-4)?
-28
Let g(t) = t**2 + 39*t + 151. Calculate g(-35).
11
Let z(p) = 7*p - 135. Give z(19).
-2
Let j(n) = -n**3 - 8*n**2 - 11*n. Give j(-7).
28
Let b(f) = f**3 + 11*f**2 + 6*f + 10. Give b(-10).
50
Let t(x) = -x**3 + 7*x**2 + 8*x + 3. What is t(8)?
3
Let h(q) = 4*q - 68. Determine h(15).
-8
Let v(o) = -o**3 - 2*o**2 - 3*o - 3. What is v(-4)?
41
Let k(m) = 11*m + 2. Give k(-2).
-20
Let u(c) = -2*c + 5. What is u(3)?
-1
Let l(g) = g**2 - 12*g + 17. What is l(12)?
17
Let b(a) = -a**3 + 5*a**2 + 17*a - 11. Give b(7).
10
Let o(w) = -w**2 - 19*w + 704. Calculate o(-38).
-18
Let t(l) = -l**2 + 2*l - 6. What is t(0)?
-6
Let i(l) = -l - 1. Calculate i(-16).
15
Let c(a) = -2*a - 2. Calculate c(2).
-6
Let w(r) = 9*r**3 - 2*r**2 + 2*r - 2. Determine w(2).
66
Let q(z) = -2*z**2 - 20*z + 38. Give q(-12).
-10
Let z(h) = h**3 + 2*h**2 - 19*h - 11. Give z(-5).
9
Let d(l) = -l**2 + 11*l + 36. Calculate d(14).
-6
Let s(d) = -d**3 - 48*d**2 - 133*d + 86. Give s(-45).
-4
Let l(v) = -v + 6. Determine l(0).
6
Let c(d) = -d + 9. Give c(-23).
32
Let b(s) = -38*s**3 + s**2 - s + 1. Determine b(1).
-37
Let l(u) = 144*u**3 - u**2 + 2*u + 1. Give l(-1).
-146
Let r(d) = -d**2 + 8*d - 9. Calculate r(4).
7
Let y(f) = -f**3 + 6*f**2 + 7*f + 4. What is y(7)?
4
Let s(u) = -23*u - 4. What is s(1)?
-27
Let i(c) = -c**3 - 10*c**2 - 14*c - 13. Give i(-10).
127
Let g(b) = 4*b - 47. What is g(21)?
37
Let h(r) = 7*r**2 - r + 2. What is h(-3)?
68
Let w(k) = -22*k + 213. Give w(11).
-29
Let i(u) = -u**2 - 4*u + 18. Give i(-6).
6
Let o(p) = 5*p + 13. Calculate o(-3).
-2
Let o(y) = -y**3 + 3*y**2 + 2*y - 3. What is o(2)?
5
Let a(w) = -4*w. Determine a(2).
-8
Let j(u) = -u**2 + 4*u - 21. Calculate j(0).
-21
Let i(d) = d**3 - 10*d**2 - 11*d + 5. What is i(11)?
5
Let z(r) = -14*r**3 + 2*r**2 - 2*r. What is z(1)?
-14
Let t(s) = -s**2 - 7*s - 6. Calculate t(-7).
-6
Let i(c) = c**3 - 29*c**2 + 28*c + 9. Calculate i(28).
9
Let p(o) = o**2 + 12*o + 12. What is p(-10)?
-8
Let k(p) = -13*p**3 - 3*p**2 + p - 1. Calculate k(1).
-16
Let q(m) = -2*m**3 + 136*m**2 + 9. Calculate q(68).
9
Let u(n) = -18*n - 571. Determine u(-32).
5
Let y(j) = -j**2 - 13*j + 170. Determine y(-21).
2
Let z(y) = -y**2 + 13*y - 15. Calculate z(13).
-15
Let q(f) = 14*f - 1. Give q(4).
55
Let o(x) = x**3 - 5*x**2 - x + 18. Give o(4).
-2
Let v(k) = k**3 + 6*k**2 - k + 15. Give v(-6).
21
Let d(t) = -11*t**2 - 4*t + 3. Determine d(1).
-12
Let f(y) = y**3 - 5*y - 3. Give f(-1).
1
Let a(z) = 29*z**3 + 2*z**2 - 1. Give a(1).
30
Let y(u) = -14*u + 159. Determine y(10).
19
Let q(a) = -a**2 - 3*a - 3. Give q(0).
-3
Let h(b) = -10*b - 106. Give h(-11).
4
Let s(j) = -j**3 - 8*j**2 + 9*j + 11. What is s(-9)?
11
Let v(p) = -2*p - 2. Determine v(-5).
8
Let w(c) = 2*c + 10. Determine w(-10).
